{"version":"1.0","provider_name":"Grupa Edukacyjna Stonoga w Lublinie","provider_url":"https:\/\/stonoga.lublin.pl\/pl","author_name":"AdminStonoga","author_url":"https:\/\/stonoga.lublin.pl\/pl\/author\/adminstonoga\/","title":"Dzie\u0144 Niepodleg\u0142o\u015bci w naszej szkole! - Grupa Edukacyjna Stonoga w Lublinie","type":"rich","width":600,"height":338,"html":"<blockquote class=\"wp-embedded-content\" data-secret=\"TkFick03pW\"><a href=\"https:\/\/stonoga.lublin.pl\/pl\/dzien-niepodleglosci-w-naszej-szkole\/\">Dzie\u0144 Niepodleg\u0142o\u015bci w naszej szkole!<\/a><\/blockquote><iframe sandbox=\"allow-scripts\" security=\"restricted\" src=\"https:\/\/stonoga.lublin.pl\/pl\/dzien-niepodleglosci-w-naszej-szkole\/embed\/#?secret=TkFick03pW\" width=\"600\" height=\"338\" title=\"&#8222;Dzie\u0144 Niepodleg\u0142o\u015bci w naszej szkole!&#8221; &#8212; Grupa Edukacyjna Stonoga w Lublinie\" data-secret=\"TkFick03pW\" frameborder=\"0\" marginwidth=\"0\" marginheight=\"0\" scrolling=\"no\" class=\"wp-embedded-content\"><\/iframe><script type=\"text\/javascript\">\n\/* <![CDATA[ *\/\n\/*! This file is auto-generated *\/\n!function(d,l){\"use strict\";l.querySelector&&d.addEventListener&&\"undefined\"!=typeof URL&&(d.wp=d.wp||{},d.wp.receiveEmbedMessage||(d.wp.receiveEmbedMessage=function(e){var t=e.data;if((t||t.secret||t.message||t.value)&&!\/[^a-zA-Z0-9]\/.test(t.secret)){for(var s,r,n,a=l.querySelectorAll('iframe[data-secret=\"'+t.secret+'\"]'),o=l.querySelectorAll('blockquote[data-secret=\"'+t.secret+'\"]'),c=new RegExp(\"^https?:$\",\"i\"),i=0;i<o.length;i++)o[i].style.display=\"none\";for(i=0;i<a.length;i++)s=a[i],e.source===s.contentWindow&&(s.removeAttribute(\"style\"),\"height\"===t.message?(1e3<(r=parseInt(t.value,10))?r=1e3:~~r<200&&(r=200),s.height=r):\"link\"===t.message&&(r=new URL(s.getAttribute(\"src\")),n=new URL(t.value),c.test(n.protocol))&&n.host===r.host&&l.activeElement===s&&(d.top.location.href=t.value))}},d.addEventListener(\"message\",d.wp.receiveEmbedMessage,!1),l.addEventListener(\"DOMContentLoaded\",function(){for(var e,t,s=l.querySelectorAll(\"iframe.wp-embedded-content\"),r=0;r<s.length;r++)(t=(e=s[r]).getAttribute(\"data-secret\"))||(t=Math.random().toString(36).substring(2,12),e.src+=\"#?secret=\"+t,e.setAttribute(\"data-secret\",t)),e.contentWindow.postMessage({message:\"ready\",secret:t},\"*\")},!1)))}(window,document);\n\/\/# sourceURL=https:\/\/stonoga.lublin.pl\/pl\/wp-includes\/js\/wp-embed.min.js\n\/* ]]> *\/\n<\/script>\n","description":"\u00a011 listopada \u2013 Dzie\u0144 Niepodleg\u0142o\u015bci!\u00a0 W\u00a0pi\u0105tek ca\u0142a nasza szkolna spo\u0142eczno\u015b\u0107 z rado\u015bci\u0105 \u015bwi\u0119towa\u0142a Narodowe \u015awi\u0119to Niepodleg\u0142o\u015bci. Podczas uroczystego apelu uczniowie przypomnieli nam, jak wa\u017cna jest wolno\u015b\u0107 i mi\u0142o\u015b\u0107 do Ojczyzny. Wsp\u00f3lnie od\u015bpiewali\u015bmy hymn narodowy, a bia\u0142o-czerwone barwy wype\u0142ni\u0142y nasz\u0105 szko\u0142\u0119.\u00a0 To by\u0142 pi\u0119kny, wzruszaj\u0105cy dzie\u0144, pe\u0142en dumy i wsp\u00f3lnego \u015bwi\u0119towania! #\u015awi\u0119toNiepodleg\u0142o\u015bci\u00a0#11listopada\u00a0#KochamyPolsk\u0119\u00a0#DumaINiepodleg\u0142o\u015b\u0107","thumbnail_url":"https:\/\/static.xx.fbcdn.net\/images\/emoji.php\/v9\/te0\/1\/16\/1f1f5_1f1f1.png"}

Dzień Niepodległości w naszej szkole! - Grupa Edukacyjna Stonoga w Lublinie

<blockquote class="wp-embedded-content" data-secret="TkFick03pW"><a href="https://stonoga.lublin.pl/pl/dzien-niepodleglosci-w-naszej-szkole/">Dzień Niepodległości w naszej szkole!</a></blockquote><iframe sandbox="allow-scripts" security="restricted" src="https://stonoga.lublin.pl/pl/dzien-niepodleglosci-w-naszej-szkole/embed/#?secret=TkFick03pW" width="600" height="338" title="&#8222;Dzień Niepodległości w naszej szkole!&#8221; &#8212; Grupa Edukacyjna Stonoga w Lublinie" data-secret="TkFick03pW" frameborder="0" marginwidth="0" marginheight="0" scrolling="no" class="wp-embedded-content"></iframe><script type="text/javascript">
/* <![CDATA[ */
/*! This file is auto-generated */
!function(d,l){"use strict";l.querySelector&&d.addEventListener&&"undefined"!=typeof URL&&(d.wp=d.wp||{},d.wp.receiveEmbedMessage||(d.wp.receiveEmbedMessage=function(e){var t=e.data;if((t||t.secret||t.message||t.value)&&!/[^a-zA-Z0-9]/.test(t.secret)){for(var s,r,n,a=l.querySelectorAll('iframe[data-secret="'+t.secret+'"]'),o=l.querySelectorAll('blockquote[data-secret="'+t.secret+'"]'),c=new RegExp("^https?:$","i"),i=0;i<o.length;i++)o[i].style.display="none";for(i=0;i<a.length;i++)s=a[i],e.source===s.contentWindow&&(s.removeAttribute("style"),"height"===t.message?(1e3<(r=parseInt(t.value,10))?r=1e3:~~r<200&&(r=200),s.height=r):"link"===t.message&&(r=new URL(s.getAttribute("src")),n=new URL(t.value),c.test(n.protocol))&&n.host===r.host&&l.activeElement===s&&(d.top.location.href=t.value))}},d.addEventListener("message",d.wp.receiveEmbedMessage,!1),l.addEventListener("DOMContentLoaded",function(){for(var e,t,s=l.querySelectorAll("iframe.wp-embedded-content"),r=0;r<s.length;r++)(t=(e=s[r]).getAttribute("data-secret"))||(t=Math.random().toString(36).substring(2,12),e.src+="#?secret="+t,e.setAttribute("data-secret",t)),e.contentWindow.postMessage({message:"ready",secret:t},"*")},!1)))}(window,document);
//# sourceURL=https://stonoga.lublin.pl/pl/wp-includes/js/wp-embed.min.js
/* ]]> */
</script>

11 listopada – Dzień Niepodległości!  W piątek cała nasza szkolna społeczność z radością świętowała Narodowe Święto Niepodległości. Podczas uroczystego apelu uczniowie przypomnieli nam, jak ważna jest wolność i miłość do Ojczyzny. Wspólnie odśpiewaliśmy hymn narodowy, a biało-czerwone barwy wypełniły naszą szkołę.  To był piękny, wzruszający dzień, pełen dumy i wspólnego świętowania! #ŚwiętoNiepodległości #11listopada #KochamyPolskę #DumaINiepodległość
